*g = -2*q + 160, g - 92 = -5*q - 0. Suppose -71*r + g*r - 2430 = 0. List the prime factors of r.
3, 5
What are the prime factors of 68/48*1646 - 7/(-42)?
2, 11, 53
Suppose 0 = 87*h - 454652 - 52471. What are the prime factors of h?
3, 29, 67
What are the prime factors of 25930784/308 + ((-2)/7)/(10/(-5))?
84191
Let d(l) be the first derivative of -2*l**3/3 + 15*l**2/2 + 12*l + 9. Let b be d(8). Suppose 0 = -b*u + 9*u - 255. List the prime factors of u.
3, 17
Let q = -148 - -26. Let n = 245 + q. Suppose 6*d = 9*d - n. What are the prime factors of d?
41
Let f = -319 - -320. Let y(j) = 432*j + 9. What are the prime factors of y(f)?
3, 7
What are the prime factors of 1 - (27/(-63) - (-104238)/(-14))?
11, 677
Let s(o) = o**3 + o**2 + o - 377. Let h be s(0). Let w = -188 - h. What are the prime factors of w?
3, 7
Suppose -t = d - 35019, -3*d + 222*t + 105092 = 220*t. What are the prime factors of d?
2, 83, 211
Let b(g) = -g**2 - 558*g + 2778. Let o be b(5). Let i = -68 + -18. Let w = o - i. List the prime factors of w.
7
Suppose -24 = -3*x, -5*x + 38838 = -411*t + 412*t. What are the prime factors of t?
2, 19, 1021
Let g(u) = -6*u**3 + u**2 + u - 1. Suppose r + 10 = -3*z, 4*z - 2*z - 12 = 4*r. Let l be g(z). Suppose 0 = -h + l + 69. What are the prime factors of h?
2, 59
Suppose 13879 = 6*u + f, 7*f - 4628 = -2*u + 5*f. List the prime factors of u.
3, 257
Let v(a) = 1361*a - 119. Let y be v(7). Suppose y = 31*u - 10*u. List the prime factors of u.
2, 7
Let u = 268 - 277. List the prime factors of 501 + 0 + (-20)/(-5) + u.
2, 31
Let z(q) = q**3 + 6*q**2 + 7*q. Let a be z(-4). Suppose 3*y = a*v + 29, 2*y + 3 = v + 29. What are the prime factors of 1416/y + ((-36)/20)/(-3)?
5, 19
Let b = 1392 + -588. Suppose -13*z - 3*w = -15*z + 1569, z + 5*w = b. List the prime factors of z.
3, 263
Suppose 9013 + 5517 = -16*r + 18*r. What are the prime factors of r?
5, 1453
List the prime factors of (-6)/(-16) + (-20 - (-4280397)/264).
2, 3, 2699
Let o(t) = -45*t + 1940. Let k be o(43). Let q(u) = -u**2 + 3*u. Let f be q(3). Suppose 2*z - k*h - 229 = -z, f = -z - 5*h + 43. List the prime factors of z.
2, 17
Let r(x) = x**2 + 7*x - 6. Let y be r(-7). Let p be (-152)/(-48) + 1/y. Let u = p + 8. What are the prime factors of u?
11
Let i = 150 + -106. Let o be 2544/i - 4/(-22). Suppose n = -24 + o. List the prime factors of n.
2, 17
List the prime factors of 54/10*(45/1 - 10).
3, 7
Suppose 0 = -87*v + 593977 + 89741 + 870363. What are the prime factors of v?
17863
Suppose -21*h + 28*h - 232190 = 0. What are the prime factors of h?
2, 5, 31, 107
Let u(m) be the third derivative of m**6/60 - m**5/5 + 29*m**4/12 - 10*m**3/3 - 103*m**2. List the prime factors of u(8).
2, 5, 7
Suppose 4*j + 15 = 5*j. Suppose 4*k - 468 = -4*q, -3*q - j = -3*k + 336. Let g = k - 52. What are the prime factors of g?
5, 13
Let b = 1 + 1. Let x(c) = -c**3 + 26*c**2 - 46*c - 53. Let a be x(24). List the prime factors of (3/b)/(a/(-20)).
2, 3
Let r(n) = -4*n**2 - 3*n + 1. Let w be r(-3). Let y be 8 + (-31 - 8 - 6). Let o = w - y. List the prime factors of o.
11
Let a(h) be the first derivative of 51*h**2/2 - 22*h - 4. Let w be a(12). Suppose -2*q = -12*q + w. What are the prime factors of q?
59
Let i(o) be the third derivative of -11*o**4/12 - 35*o**3/6 - 66*o**2. List the prime factors of i(-22).
449
Suppose 0 = 4*o - 2*n + n - 24, -25 = -o + 5*n. Suppose 0 = o*s + 2*j - 2153, -3*s + 0*j - 3*j = -1290. List the prime factors of s.
431
Let n(z) = z**3 + 10*z**2 + 14*z + 19. Let o be n(-8). Let j = 46 - o. List the prime factors of 68/j - 12/66.
2, 3
Let k = -6148 + 11154. What are the prime factors of k?
2, 2503
Suppose 0 = 4*i - 56 - 140. Suppose -i = 5*j - 6*j. List the prime factors of j.
7
Suppose 0 = 15*z - 87 - 78. Let o(y) = z*y + 20 + 34 - 8. List the prime factors of o(9).
5, 29
Suppose -196 = -3*j + 1091. Suppose c = j + 50. List the prime factors of c.
479
Suppose 79515 = 346*n - 680*n + 349*n. What are the prime factors of n?
3, 19, 31
Suppose 5*v + 5 = 3*q, 4*v + 0*q + 2*q = 18. Suppose 0 = v*n - 6*n + 1248. What are the prime factors of (8/(-6))/((-16)/n)?
2, 13
Suppose -3*f - 4*y = -220064, -15*f = -19*f + 3*y + 293352. List the prime factors of f.
2, 3, 191
Suppose 2*r = -4*j + 22801 + 9599, 2*j = -2*r + 16206. What are the prime factors of j?
3, 2699
Let a be (-17)/(-5) + (1 - 28/20). Suppose 3*p + h = 66 + 16, a*p - 4*h = 77. What are the prime factors of (0 + 8/(-2))*p/(-12)?
3
Let c = 6690 + -4702. Suppose 3*u - 628 = c. What are the prime factors of u?
2, 109
Let t(y) = -3*y**3 - 4*y**2 - y + 2. Let j be t(-2). Suppose -1329 + 8097 = 12*r. Suppose j*g - r = 468. List the prime factors of g.
2, 43
Let v(a) = 417*a**2 - 11*a + 10. List the prime factors of v(1).
2, 13
Let o(h) be the third derivative of h**5/20 + 17*h**4/24 - 7*h**3/2 + 23*h**2. List the prime factors of o(-14).
7, 47
Let k(t) be the first derivative of 2*t**3/3 + 15*t**2 + 90*t + 66. List the prime factors of k(-23).
2, 229
List the prime factors of 32360/16*(-64)/(-80).
2, 809
Suppose 4*i = -2*z + 28, -i - 19 = -3*z - 5. Let f(m) = m**3 - 2*m**2 - 12*m - 12. Let a be f(z). Let n = 175 - a. What are the prime factors of n?
5, 23
Suppose 0 = 1175*z - 1184*z + 57330. What are the prime factors of z?
2, 5, 7, 13
Let h be 15 - -1568 - 16/2. List the prime factors of -4*(-3)/10*h/6.
3, 5, 7
Let t be ((-133)/(-5) - -1)/((-4)/(-10)). What are the prime factors of 9/(-2)*(-2944)/t?
2, 3
Let g = 48086 + -17414. What are the prime factors of g?
2, 3, 71
List the prime factors of ((-7809)/4)/((-20)/80).
3, 19, 137
Suppose 56*c = -d + 55*c + 8151, c - 4 = 0. List the prime factors of d.
8147
What are the prime factors of (-27 + 33)/(1/2494)?
2, 3, 29, 43
Let t be (10/6)/((-17)/(-16014)). Suppose 49*h - 54*h + t = 0. List the prime factors of h.
2, 157
Suppose 4 = -z - 4. List the prime factors of (-8)/64*z + 363.
2, 7, 13
Let z(c) = -c**3 - 43*c**2 + 268*c + 69. What are the prime factors of z(-50)?
11, 379
Suppose 3*k - 3 + 0 = 3*v, -19 = -4*k + v. Let p(a) = 2*a**3 + 2*a**2 + a. List the prime factors of p(k).
2, 3, 5, 17
Let z(y) = 327*y + 16. Let p be z(6). Suppose -18*n + 16*n - 2*f = -1332, f = 3*n - p. What are the prime factors of n?
661
Suppose -4*g + 17*g - 34515 = 0. Suppose 3*l - 5*w = -885 + g, 0 = 4*l + 4*w - 2328. List the prime factors of l.
3, 5, 13
Let d(l) = -7 + 68 + 308*l + 2 - 252*l. List the prime factors of d(6).
3, 7, 19
Let o = -4901 + 15886. List the prime factors of o.
5, 13
Suppose 6 - 6 = -4*m. Suppose a = -3, b + m*a = -3*a - 1. List the prime factors of b/(-36) - (-4180)/18.
2, 29
Suppose -4*f = -5*j - 80017, -3*j = -7*j - 20. What are the prime factors of f?
2, 3, 11, 101
Let u(c) = -4*c**2 + 2*c + 16. Let g(b) = -b**2 + b. Let l(d) = -3*g(d) + u(d). Let o be l(4). List the prime factors of 1/(-2) - ((-390)/12 - o).
2, 7
Let g = -29 - -107. Let t = g + -94. What are the prime factors of t*6*(-6)/9?
2
Let w = -74 - -184. Let k = w + 235. What are the prime factors of k?
3, 5, 23
Suppose -306*c - 285*c = -229*c - 6684330. What are the prime factors of c?
3, 5, 1231
Let k(v) = -128*v + 1. Let i be (-12 + 13)*(6 + -2). Let p be (5 - (-320)/(-55)) + i/(-22). What are the prime factors of k(p)?
3, 43
What are the prime factors of (-2)/10*2*(-11405 + 255)?
2, 5, 223
Suppose -2*s = -3*o - 106, -42*o + 38*o = -4*s + 204. Let p = s + 6. What are the prime factors of p?
53
Suppose 7*n = 17*n. List the prime factors of 328*(2 + n + -1).
2, 41
Suppose c = -m - 1733, -15 = 8*m - 11*m. Let k = c + 3303. List the prime factors of k.
5, 313
Let f(a) = -2*a**2 + 37*a - 80. Let o be f(16). What are the prime factors of 791 + -3 + 0 + o + 4?
2, 3, 11
Suppose 5*g = 4*d - 63626, -27*g + 32*g = d - 15914. What are the prime factors of d?
2, 7, 71
Let k = 43 + -48. Let q(v) = -15*v + 1. Let j be q(k). Let x = j + -42. List the prime factors of x.
2, 17
List the prime factors of ((3390/12)/(-1 - -3))/((-1)/(-60)).
3, 5, 113
Let u(g) = 7*g + 11. Let p be u(-2). Let f(o) = o**2 - 5. Let m be f(p). Suppose -k - 4*s + 131 = 0, -3*k - 2*k = m*s - 607. List the prime factors of k.
7, 17
Let n(t) = 8238*t**2 - 52*t + 165. What are the prime factors of n(3)?
3, 7, 11, 107
Let m(n) = -17*n + 8. Let g(d) = -d. Let a be g